 2 divide 110939?
False
Does 84 divide 258985?
False
Does 42 divide 149676?
False
Does 3 divide 102747?
True
Is 2326799 a multiple of 4?
False
Does 19 divide 26176?
False
Is 142896 a multiple of 104?
True
Is 13952736 a multiple of 189?
True
Is 399455 a multiple of 113?
True
Is 136825 a multiple of 5?
True
Is 685722 a multiple of 21?
False
Does 114 divide 4687063?
False
Is 9 a factor of 3139?
False
Is 298 a factor of 4162864?
False
Does 963 divide 7670295?
True
Is 13 a factor of 78819?
True
Is 241789 a multiple of 585?
False
Is 18353 a multiple of 55?
False
Does 205 divide 11011927?
False
Does 199 divide 713770?
False
Is 35 a factor of 156590?
True
Is 3723980 a multiple of 130?
True
Does 118 divide 773457?
False
Is 1272696 a multiple of 862?
False
Does 20 divide 4200?
True
Is 990637 a multiple of 6?
False
Is 222987 a multiple of 311?
True
Is 101 a factor of 719524?
True
Is 1377788 a multiple of 67?
True
Is 8 a factor of 4581840?
True
Is 391 a factor of 447304?
True
Is 126745 a multiple of 6?
False
Is 59 a factor of 9932?
False
Is 206953 a multiple of 17?
False
Does 201 divide 3192081?
True
Does 32 divide 4121056?
True
Does 2 divide 301364?
True
Does 28 divide 117572?
True
Is 927472 a multiple of 343?
True
Is 721 a factor of 3089879?
False
Does 446 divide 1276006?
True
Is 87540 a multiple of 40?
False
Is 2227680 a multiple of 160?
True
Is 870694 a multiple of 4?
False
Does 126 divide 13631691?
False
Is 2 a factor of 16344?
True
Is 8008516 a multiple of 284?
True
Does 143 divide 445016?
True
Does 36 divide 9708696?
True
Does 756 divide 608580?
True
Does 16 divide 10468?
False
Does 98 divide 2003708?
True
Is 3972336 a multiple of 12?
True
Does 53 divide 97520?
True
Is 404700 a multiple of 355?
True
Does 145 divide 600260?
False
Is 73232 a multiple of 14?
False
Is 438984 a multiple of 63?
True
Is 106 a factor of 16962756?
True
Is 2527000 a multiple of 10?
True
Is 4099874 a multiple of 12?
False
Does 287 divide 5787263?
False
Is 1175328 a multiple of 66?
True
Does 44 divide 65176?
False
Is 103 a factor of 158219?
False
Is 558192 a multiple of 464?
True
Is 616 a factor of 178314?
False
Does 3 divide 1719147?
True
Is 4614912 a multiple of 18?
True
Is 359 a factor of 31287?
False
Is 1116696 a multiple of 119?
True
Is 1227600 a multiple of 9?
True
Is 2 a factor of 4152?
True
Is 378860 a multiple of 19?
True
Does 11 divide 1947396?
True
Is 116 a factor of 22169920?
True
Does 8 divide 3923656?
True
Is 90 a factor of 303342?
False
Is 61 a factor of 168482?
True
Is 7381830 a multiple of 30?
True
Is 29 a factor of 5997?
False
Does 3 divide 76650?
True
Is 87194 a multiple of 2?
True
Does 103 divide 39642?
False
Does 7 divide 356391?
True
Does 4 divide 583068?
True
Does 199 divide 366558?
True
Does 188 divide 1869554?
False
Is 24176826 a multiple of 876?
False
Is 131 a factor of 121699?
True
Is 327004 a multiple of 9?
False
Is 25 a factor of 1175379?
False
Does 724 divide 423427?
False
Does 17 divide 287130?
True
Is 236 a factor of 1240593?
False
Is 515 a factor of 191065?
True
Is 63 a factor of 1304529?
False
Is 192733 a multiple of 15?
False
Is 72 a factor of 2133216?
True
Does 76 divide 1145852?
True
Is 154344 a multiple of 6?
True
Is 160 a factor of 28518880?
True
Does 17 divide 2512022?
True
Is 179563 a multiple of 510?
False
Is 35 a factor of 20370?
True
Is 40 a factor of 328853?
False
Is 892961 a multiple of 64?
False
Is 39250 a multiple of 7?
False
Is 154324 a multiple of 8?
False
Is 13 a factor of 579800?
True
Does 153 divide 245851?
False
Is 131 a factor of 107520?
False
Does 95 divide 164445?
True
Does 102 divide 151878?
True
Does 318 divide 7226215?
False
Is 1214514 a multiple of 6?
True
Does 11 divide 7320113?
False
Is 30 a factor of 29907?
False
Is 12627 a multiple of 61?
True
Does 151 divide 55074?
False
Is 8 a factor of 191356?
False
Does 10 divide 44990?
True
Is 2121986 a multiple of 67?
False
Is 60450 a multiple of 21?
False
Is 11 a factor of 452023?
True
Is 29 a factor of 1418216?
True
Is 30 a factor of 1452687?
False
Is 95 a factor of 22370?
False
Is 7272144 a multiple of 176?
True
Is 5741512 a multiple of 296?
True
Does 127 divide 24450?
False
Is 43 a factor of 1381590?
True
Is 38 a factor of 64694?
False
Is 148953 a multiple of 32?
False
Is 175093 a multiple of 32?
False
Is 167769 a multiple of 63?
True
Does 3 divide 2838097?
False
Does 9 divide 89622?
True
Is 6 a factor of 22908?
True
Is 14 a factor of 662872?
True
Is 1779890 a multiple of 20?
False
Does 22 divide 6088371?
False
Is 25 a factor of 2725?
True
Does 138 divide 519708?
True
Is 182 a factor of 293748?
True
Is 60 a factor of 918720?
True
Is 41 a factor of 2095519?
False
Is 19 a factor of 125139?
False
Is 181 a factor of 5716115?
False
Does 21 divide 880716?
False
Is 658281 a multiple of 198?
False
Is 204450 a multiple of 435?
True
Is 309 a factor of 812723?
False
Is 1968680 a multiple of 140?
True
Is 10 a factor of 70023?
False
Is 83 a factor of 793916?
False
Is 405 a factor of 4091392?
False
Is 245664 a multiple of 16?
True
Is 63800 a multiple of 100?
True
Is 402 a factor of 69144?
True
Is 1960026 a multiple of 321?
True
Is 279362 a multiple of 5?
False
Is 82 a factor of 3060068?
False
Is 215 a factor of 75711?
False
Is 19 a factor of 58372?
False
Is 17402 a multiple of 5?
False
Is 42 a factor of 814212?
True
Does 2 divide 9369?
False
Is 1200813 a multiple of 9?
False
Is 70 a factor of 60531?
False
Is 12 a factor of 136718?
False
Is 364896 a multiple of 53?
False
Does 7 divide 34656?
False
Is 5398520 a multiple of 34?
True
Is 17124789 a multiple of 56?
False
Does 270 divide 5134962?
False
Is 1000800 a multiple of 556?
True
Is 1659375 even?
False
Does 310 divide 6566730?
True
Is 17 a factor of 2668805?
False
Does 17 divide 355453?
True
Does 34 divide 175542?
True
Does 6 divide 1616672?
False
Does 47 divide 116889?
True
Is 200137 a multiple of 85?
False
Does 133 divide 1126970?
False
Does 148 divide 679241?
False
Does 126 divide 77742?
True
Does 120 divide 7320?
True
Is 160417 a multiple of 12?
False
Is 12188 a multiple of 11?
True
Does 92 divide 1223255?
False
Does 30 divide 259066?
False
Is 107579 a multiple of 13?
False
Is 14 a factor of 22735878?
False
Is 13 a factor of 331374?
False
Does 31 divide 380895?
False
Is 22116 a multiple of 194?
True
Does 249 divide 116532?
True
Is 52675 a multiple of 12?
False
Does 2 divide 130729?
False
Is 1209 a factor of 7246549?
False
Is 291185 a multiple of 77?
False
Is 9 a factor of 4531195?
False
Is 280 a factor of 492240?
True
Is 4 a factor of 465828?
True
Does 109 divide 661085?
True
Is 97635 a multiple of 23?
True
Does 16 divide 3542634?
False
Is 11 a factor of 8242642?
False
Is 5 a factor of 227643?
False
Is 6237 a multiple of 4?
False
Does 456 divide 822180?
False
Is 86940 a multiple of 60?
True
Is 444 a factor of 87468?
True
Is 357 a factor of 166462?
False
Is 2820600 a multiple of 36?
True
Is 89 a factor of 8900524?
False
Does 33 divide 6543383?
False
Does 6 divide 65651?
False
Does 3 divide 155270?
False
Is 27 a factor of 15417?
True
Does 494 divide 472264?
True
Does 238 divide 194786?
False
Is 101 a factor of 32522?
True
Does 49 divide 89589?
False
Does 67 divide 20368?
True
Is 369 a factor of 949437?
True
Is 143136 a multiple of 24?
True
Is 595438 a multiple of 25?
False
Is 4755294 a multiple of 27?
True
Is 31 a factor of 1334891?
True
Is 763416 a multiple of 15?
False
Is 343980 a multiple of 42?
True
Is 16 a factor of 15404324?
False
Does 13 divide 130634?
False
Is 861661 a multiple of 266?
False
Is 168 a factor of 6637183?
False
Is 107820 a multiple of 20?
True
Is 44 a factor of 36652?
True
Does 611 divide 247455?
True
Is 198011 a multiple of 69?
False
Is 16155769 a multiple of 164?
False
Does 321 divide 3094662?
False
Is 58140 a multiple of 3?
True
Is 12430413 a multiple of 11?
False
Does 9 divide 797715?
True
Is 107 a factor of 3953115?
True
Is 32 a factor of 192857?
False
Is 249 a factor of 1142910?
True
Is 142800 a multiple of 24?
True
Is 443742 a multiple of 13?
True
Does 55 divide 406074?
False
Is 928 a factor of 2513024?
True
Is 25 a factor of 2192975?
True
Is 12950220 a multiple of 30?
True
Does 31 divide 41773?
False
Does 4 divide 46976?
True
Does 469 divide 160872?
False
Is 72760 a multiple of 450?
False
Does 8 d